{"id":18,"date":"2022-10-21T12:14:07","date_gmt":"2022-10-21T10:14:07","guid":{"rendered":"https:\/\/ampertaler.de\/?page_id=18"},"modified":"2022-10-21T15:21:10","modified_gmt":"2022-10-21T13:21:10","slug":"maennertracht","status":"publish","type":"page","link":"https:\/\/ampertaler.de\/?page_id=18","title":{"rendered":"M\u00e4nnertracht"},"content":{"rendered":"\n<p>Zur schneidigen M\u00e4nner- und Burschentracht, wie wir sie kennen, geh\u00f6rt ein schwarzer, runder Hut aus Velours, ein kurzer Janker, ein wei\u00dfes Bauernhemd, eine lederne Stiefelhose, eine Samtweste, eine Uhrkette mit einigen Anh\u00e4ngern, ein silbernes Besteck und die so beliebten Faltenstiefel. Im Schrank des Gro\u00dfbauern hing noch der G\u2019vattersrock oder gleichgar der Kaisermantel. Nat\u00fcrlich geh\u00f6rt der gegabelte Haselnussstecken und das \u201eBschoadt\u00fccherl&#8220; dazu.<\/p>\n\n\n\n<figure class=\"wp-block-image size-full\"><img loading=\"lazy\" decoding=\"async\" width=\"576\" height=\"432\" src=\"https:\/\/ampertaler.de\/wp-content\/uploads\/2022\/10\/Maenner.jpg\" alt=\"\" class=\"wp-image-92\" srcset=\"https:\/\/ampertaler.de\/wp-content\/uploads\/2022\/10\/Maenner.jpg 576w, https:\/\/ampertaler.de\/wp-content\/uploads\/2022\/10\/Maenner-300x225.jpg 300w\" sizes=\"auto, (max-width: 576px) 100vw, 576px\" \/><\/figure>\n\n\n\n<h3 class=\"wp-block-heading\">Das Hemd und die Weste<\/h3>\n\n\n\n<p>Zur Tracht geh\u00f6rt das Bauernhemd aus wei\u00dfem Leinen, mit einem kleinen Kragen, dazu ein bunter dreieckiger Binder. Das Hemd ist einfach geschnitten, mit einer Schulterpasse und langen \u00c4rmeln. Die Weste wird meist aus Samt gen\u00e4ht, oft bestickt und in allen erdenklichen Farben. Die Westen sind mit Talern oder Sternkn\u00f6pfen best\u00fcckt, gerade oder im Bogen aufgen\u00e4ht. Fr\u00fcher wurde die Weste immer hochgeschlossen getragen mit einem Seidentuch, das um den Hals geschlungen wurde.<\/p>\n\n\n\n<h3 class=\"wp-block-heading\">Die Stiefelhose aus Leder<\/h3>\n\n\n\n<p>Die Lederhose der Ampertaler war urspr\u00fcnglich lang, schmal und ging weit \u00fcber die Taille hinauf. (Noch fr\u00fcher war sie weit geschnitten wie eine Breeches). Mit Hosentr\u00e4gern wurde sie gehalten. Der Janker dazu war entsprechend kurz. Jetzt sitzt die Hose auf der Taille und der Janker geht ein wenig dar\u00fcber herunter. Das Material f\u00fcr die Hose ist s\u00e4misch gegerbtes Hirsch-oder Rehbockleder. Die Hose ist schwarz und kann glatt oder silbergrau bestickt sein, um 1850 war das Mode. Charakteristisch ist auch der sogenannte Froschmaullatz.<\/p>\n\n\n\n<h3 class=\"wp-block-heading\">Janker, Gevattersrock und Kaisermantel<\/h3>\n\n\n\n<p>Die M\u00e4ntel der Ampertaler k\u00f6nnen ihren ehemals milit\u00e4rischen Ursprung nicht verleugnen. Der Kaisermantel oder Radmantel, ist dunkelblau. Es werden 7-9 Meter feiner Wollstoff ben\u00f6tigt. Der Umschlagkragen konnte mit Pelz versehen sein. Daf\u00fcr nahm man fr\u00fcher auch gerne Kunstpelz den sogenannten Krimmer. Der Mantel ist so geschnitten, dass er beim gehen aufklafft und die acht Silberkn\u00f6pfe vom Untermantel zu sehen sind. Geschlossen wird er mit einer speziellen, silbernen Schlie\u00dfe. Dieser Mantel war urspr\u00fcnglich ein Wintermantel. Den G\u2019vattersrock (Gehrock) gibt es in braun, schwarz und dunkelblau. Dieses Prachtst\u00fcck ist mit einer Reihe durchbrochener Silberkn\u00f6pfe (die es in verschiedenen Ausf\u00fchrungen gibt), best\u00fcckt. Bleibt noch der Janker, der sehr beliebt ist. Dieses Kleidungsst\u00fcck erinnert in der Fr\u00fchform vom Schnitt her an die milit\u00e4rischen Jacken um 1800 bis 1835. Urspr\u00fcnglich hatte der Janker weniger K\u00f6pfe in je zwei Reihen, aber wir tragen ihn mit 10 bis 12 Kn\u00f6pfen je Reihe.<\/p>\n\n\n\n<h3 class=\"wp-block-heading\">Die Faltenstiefel<\/h3>\n\n\n\n<p>Einen Ampertaler ohne Faltenstiefel gibt es so gut wie nicht. F\u00fcr die jungen Ampertaler ist es ein Fest, wenn ihnen endlich ein Paar Stiefel passen. Dann lassen sie wie die Gro\u00dfen, die mit Eisen verst\u00e4rkten Abs\u00e4tze klappern. Halbschuhe zur langen, schwarzen Stoffhose kann man auch tragen (Halbtracht).<\/p>\n\n\n\n<h3 class=\"wp-block-heading\">Der Hut<\/h3>\n\n\n\n<p>Der Hut zur Dachauer Tracht ist der schwarze Velourhut. Der kleine, runde, wie ihn der Wei\u00df Ferdl trug, ist bei den Ampertalern nicht so beliebt. Die meisten bevorzugen einen runden Hut mit der gr\u00f6\u00dferen Krempe, den sogenannten \u201eEntenteichhut\u201c. Dieser Hut hat statt der runden Form, am oberen Rand noch einen Art Ring einged\u00e4mpft.<\/p>\n\n\n\n<figure class=\"wp-block-image size-full\"><img loading=\"lazy\" decoding=\"async\" width=\"856\" height=\"531\" src=\"https:\/\/ampertaler.de\/wp-content\/uploads\/2022\/10\/Maenner2.jpg\" alt=\"\" class=\"wp-image-94\" srcset=\"https:\/\/ampertaler.de\/wp-content\/uploads\/2022\/10\/Maenner2.jpg 856w, https:\/\/ampertaler.de\/wp-content\/uploads\/2022\/10\/Maenner2-300x186.jpg 300w, https:\/\/ampertaler.de\/wp-content\/uploads\/2022\/10\/Maenner2-768x476.jpg 768w\" sizes=\"auto, (max-width: 856px) 100vw, 856px\" \/><\/figure>\n","protected":false},"excerpt":{"rendered":"<p>Zur schneidigen M\u00e4nner- und Burschentracht, wie wir sie kennen, geh\u00f6rt ein schwarzer, runder Hut aus Velours, ein kurzer Janker, ein wei\u00dfes Bauernhemd, eine lederne Stiefelhose, eine Samtweste, eine Uhrkette mit &hellip;<\/p>\n<p class=\"read-more\"> <a class=\"\" href=\"https:\/\/ampertaler.de\/?page_id=18\"> <span class=\"screen-reader-text\">M\u00e4nnertracht<\/span> Weiterlesen &raquo;<\/a><\/p>\n","protected":false},"author":1,"featured_media":0,"parent":0,"menu_order":0,"comment_status":"closed","ping_status":"closed","template":"","meta":{"_eb_attr":"","site-sidebar-layout":"default","site-content-layout":"default","ast-global-header-display":"","ast-main-header-display":"","ast-hfb-above-header-display":"","ast-hfb-below-header-display":"","ast-hfb-mobile-header-display":"","site-post-title":"","ast-breadcrumbs-content":"","ast-featured-img":"","footer-sml-layout":"","theme-transparent-header-meta":"","adv-header-id-meta":"","stick-header-meta":"","header-above-stick-meta":"","header-main-stick-meta":"","header-below-stick-meta":"","ngg_post_thumbnail":0,"footnotes":""},"class_list":["post-18","page","type-page","status-publish","hentry"],"uagb_featured_image_src":{"full":false,"thumbnail":false,"medium":false,"medium_large":false,"large":false,"1536x1536":false,"2048x2048":false},"uagb_author_info":{"display_name":"SuperAdministrator","author_link":"https:\/\/ampertaler.de\/?author=1"},"uagb_comment_info":0,"uagb_excerpt":"Zur schneidigen M\u00e4nner- und Burschentracht, wie wir sie kennen, geh\u00f6rt ein schwarzer, runder Hut aus Velours, ein kurzer Janker, ein wei\u00dfes Bauernhemd, eine lederne Stiefelhose, eine Samtweste, eine Uhrkette mit &hellip; M\u00e4nnertracht Weiterlesen &raquo;","_links":{"self":[{"href":"https:\/\/ampertaler.de\/index.php?rest_route=\/wp\/v2\/pages\/18","targetHints":{"allow":["GET"]}}],"collection":[{"href":"https:\/\/ampertaler.de\/index.php?rest_route=\/wp\/v2\/pages"}],"about":[{"href":"https:\/\/ampertaler.de\/index.php?rest_route=\/wp\/v2\/types\/page"}],"author":[{"embeddable":true,"href":"https:\/\/ampertaler.de\/index.php?rest_route=\/wp\/v2\/users\/1"}],"replies":[{"embeddable":true,"href":"https:\/\/ampertaler.de\/index.php?rest_route=%2Fwp%2Fv2%2Fcomments&post=18"}],"version-history":[{"count":2,"href":"https:\/\/ampertaler.de\/index.php?rest_route=\/wp\/v2\/pages\/18\/revisions"}],"predecessor-version":[{"id":95,"href":"https:\/\/ampertaler.de\/index.php?rest_route=\/wp\/v2\/pages\/18\/revisions\/95"}],"wp:attachment":[{"href":"https:\/\/ampertaler.de\/index.php?rest_route=%2Fwp%2Fv2%2Fmedia&parent=18"}],"curies":[{"name":"wp","href":"https:\/\/api.w.org\/{rel}","templated":true}]}}